t is -4 + -75?
-80
In base 12, what is 36 + 144?
17a
In base 9, what is -55 + 3?
-52
In base 10, what is 7 + 122?
129
In base 12, what is 6 + 25?
2b
In base 10, what is -12 - -5?
-7
In base 16, what is 87 - 1?
86
In base 8, what is -1 - -3713?
3712
In base 2, what is 0 - 100010?
-100010
In base 2, what is -10010101001100 - -11?
-10010101001001
In base 9, what is -23 - -232?
208
In base 15, what is 75 + 13?
88
In base 5, what is -2 - 4204?
-4211
In base 15, what is -1 + -593?
-594
In base 7, what is -1 + -12423?
-12424
In base 16, what is 3 + 5e?
61
In base 3, what is -111220121 + -2?
-111220200
In base 2, what is 11 + 110010?
110101
In base 11, what is 16 + 9?
24
In base 10, what is 56 - 15?
41
In base 3, what is -1020122 + -2?
-1020201
In base 7, what is -103 + -340?
-443
In base 14, what is aa - -1?
ab
In base 11, what is -19 - 16a?
-188
In base 16, what is 4b + 29?
74
In base 7, what is 3 - -5?
11
In base 10, what is -3 + 1107?
1104
In base 16, what is 2 - -de?
e0
In base 8, what is 1 + 4154?
4155
In base 15, what is -1ba + -6?
-1c1
In base 14, what is 7a + 6?
82
In base 2, what is -11010 - -1100111010?
1100100000
In base 5, what is 1304 - -4?
1313
In base 2, what is 1 - 1001001?
-1001000
In base 11, what is 7 - 713?
-707
In base 6, what is -3 + 55?
52
In base 13, what is -381 - -5?
-379
In base 7, what is 3 + 6306?
6312
In base 9, what is -8 - -10?
1
In base 4, what is 23 - -21?
110
In base 2, what is -100 + -11000110?
-11001010
In base 13, what is -774 - 3?
-777
In base 12, what is 4 + 1021?
1025
In base 9, what is 0 - 10385?
-10385
In base 3, what is 11121 - 110?
11011
In base 11, what is 507 - -a?
516
In base 13, what is -7 + 209?
202
In base 10, what is -5 - -7?
2
In base 12, what is -2b1 + 4?
-2a9
In base 10, what is -1 - 1887?
-1888
In base 9, what is 14 + -16?
-2
In base 7, what is 20 - -120?
140
In base 14, what is c - -11?
1d
In base 2, what is 1010010110110 - 100?
1010010110010
In base 2, what is 1011 - 11010?
-1111
In base 11, what is 10a7 + -4?
10a3
In base 5, what is 4 + 22?
31
In base 5, what is 3 + 12102?
12110
In base 16, what is -3 - 369?
-36c
In base 15, what is -7 + -479?
-481
In base 13, what is -125 - 1?
-126
In base 4, what is 10 + -23121?
-23111
In base 9, what is -213 + -5?
-218
In base 15, what is 627 + 4?
62b
In base 15, what is 7a - 5?
75
In base 16, what is -109 - 4?
-10d
In base 15, what is 2 + 8d?
90
In base 3, what is 101 + -220?
-112
In base 3, what is 2 + -1110?
-1101
In base 12, what is 4860 - -5?
4865
In base 10, what is 5 - 26?
-21
In base 9, what is 2310 + 4?
2314
In base 11, what is 8 + -9?
-1
In base 8, what is 347 + 101?
450
In base 11, what is -15332 + 1?
-15331
In base 16, what is 64 - -2e?
92
In base 3, what is 1121 - 22?
1022
In base 5, what is 310 + 3?
313
In base 16, what is 3 + d4f?
d52
In base 8, what is 224 + -2?
222
In base 15, what is 1 + -ac8?
-ac7
In base 6, what is -3 + 210?
203
In base 13, what is -5 - 77?
-7c
In base 15, what is 41 + 0?
41
In base 15, what is -eec + 0?
-eec
In base 9, what is -14 + 4?
-10
In base 13, what is 12 - -2c?
41
In base 4, what is 11 + -2210?
-2133
In base 2, what is 1111000110 + -11?
1111000011
In base 3, what is 10002 - -100?
10102
In base 4, what is 310 - -1020?
1330
In base 16, what is 4e6 - -4?
4ea
In base 3, what is 12 + 0?
12
In base 16, what is -621 - -5?
-61c
In base 14, what is 5 + 87?
8c
In base 4, what is 20 - -1223?
1303
In base 7, what is 5 + -2024?
-2016
In base 10, what is 53 - 3?
50
In base 11, what is -4 - 28?
-31
In base 15, what is 42 - 1?
41
In base 3, what is 22122 + 2?
22201
In base 7, what is 6 + -63?
-54
In base 2, what is 100001 + -11111?
10
In base 6, what is -13 + 143?
130
In base 7, what is -3 - 3222?
-3225
In base 14, what is 8c7 + 1?
8c8
In base 4, what is -21202322 + 2?
-21202320
In base 15, what is -7a7 - d?
-7b5
In base 12, what is -4 + -27a?
-282
In base 5, what is -2 - -131?
124
In base 6, what is 21 - 134?
-113
In base 16, what is -3 + 66?
63
In base 14, what is -2 - -28?
26
In base 14, what is -5 + 336?
331
In base 13, what is 390 + -1?
38c
In base 11, what is -1a + 5a?
40
In base 12, what is -17 + 2a4?
289
In base 8, what is -13656 - 5?
-13663
In base 4, what is 12 + 32131?
32203
In base 2, what is 1100011110 + -11?
1100011011
In base 4, what is -2100 + 23?
-2011
In base 5, what is -101 + 4?
-42
In base 2, what is -11101 - 1?
-11110
In base 8, what is 2 - 214?
-212
In base 5, what is -2 - 312?
-314
In base 15, what is 19e - -4?
1a3
In base 11, what is 3 + 27a?
282
In base 6, what is -254 - -5?
-245
In base 7, what is -2524 - -4?
-2520
In base 7, what is -3444 - 1?
-3445
In base 15, what is -25 - -120?
ea
In base 3, what is -21 - 1000?
-1021
In base 9, what is 14524 + -2?
14522
In base 4, what is 11 - 1223120?
-1223103
In base 16, what is 3 - -36?
39
In base 10, what is -51 + -6?
-57
In base 15, what is 8 - -5?
d
In base 13, what is 3 + -53?
-50
In base 5, what is -3222 - -101?
-3121
In base 2, what is -1 + -1000011?
-1000100
In base 12, what is 3 - -12?
15
In base 5, what is -4 + -1141?
-1200
In base 12, what is -447 + 1?
-446
In base 12, what is -539 + -9?
-546
In base 10, what is -689 - 2?
-691
In base 9, what is -7 + 12?
4
In base 8, what is 23455 - 2?
23453
In base 8, what is 3431 + 6?
3437
In base 6, what is -32322 - 2?
-32324
In base 12, what is 4 - 5a1?
-599
In base 13, what is 4a1 + -2?
49c
In base 9, what is -108 + -30?
-138
In base 10, what is 85 - -52?
137
In base 9, what is 1030 - -8?
1038
In base 16, what is 319 - -3?
31c
In base 7, what is 104 - 2?
102
In base 8, what is 2510 - 2?
2506
In base 8, what is -543 + 0?
-543
In base 8, what is -1244 - 5?
-1251
In base 6, what is 4 - -421?
425
In base 9, what is -3 - 3403?
-3406
In base 5, what is -10 + -401?
-411
In base 15, what is -1383 - -3?
-1380
In base 4, what is 0 + 210?
210
In base 8, what is 132 - 5?
125
In base 4, what is 3 - 3?
0
In base 10, what is 1 + 112?
113
In base 12, what is -290 - a?
-29a
In base 9, what is 4 - 385?
-381
In base 9, what is 340 - 6?
333
In base 3, what is 11 - 21221?
-21210
In base 3, what is 101121 + -11?
101110
In base 7, what is -1 - -1052?
1051
In base 2, what is 100001 + -111100?
-11011
In base 14, what is 5 + -d55?
-d50
In base 16, what is -169 - 0?
-169
In base 10, what is -2 - -86?
84
In base 5, what is -4 - 242?
-301
In base 4, what is -3 - 2?
-11
In base 13, what is 8 + 30?
38
In base 6, what is 4 - 10433?
-10425
In base 14, what is 22c + 4?
232
In base 12, what is a + -6?
4
In base 16, what is -137 + -b?
-142
In base 7, what is 3 + 1321?
1324
In base 9, what is 0 + -201?
-201
In base 3, what is -2210 + -101?
-10011
In base 11, what is 4 + -39a?
-396
In base 3, what is -2 - 20?
-22
In base 2, what is 101110010 - 100?
101101110
In base 7, what is -10 - 6?
-16
In base 2, what is 1 - 101000010110?
-101000010101
In base 2, what is 1 - -1000111110?
1000111111
In base 6, what is -33 - -1?
-32
In base 3, what is 12 + 202?
221
In base 3, what is -11 + 1012010?
1011222
In base 5, what is -302 - 40?
-342
In base 3, what is 210122 + 11?
210210
In base 2, what is -1010100010 - -11?
-1010011111
In base 15, what is 4 - -b2?
b6
In base 2, what is -1111110 - -1?
-1111101
In base 13, what is -a + -41?
-4b
In base 13, what is 8 + 3a?
45
In base 11, what is -80 - 0?
-80
In base 16, what is 0 + 59?
59
In base 2, what is 1001 + -1011001?
-1010000
In base 2, what is 1 - 10101110?
-10101101
In base 4, what is -131 - -2001?
1210
In base 5, what is 10 - -113?
123
In base 15, what is 935 - 3?
932
In base 4, what is 303 + -1131?
-222
In base 8, what is 11 + 171?
202
In base 16, what is 1ad - -3?
1b0
In base 14, what is -4a + 1?
-49
In base 11, what is -172 - -4?
-169
In base 10, what is 6 - 12?
-6
In base 3, what is -22212212 - 0?
-22212212
In base 8, what is 2 + 41?
43
In base 9, what is 83 + -2?
81
In base 8, what is -14 - -405?
371
In base 7, what is -23 - -5?
-15
In base 6, what is -2 - 1533?
-1535
In base 11, what is 169 + -71?
a8
In base 7, what is -1 + -655?
-656
In base 2, what is 1111111 + -1001?
1110110
In base 4, what is 1121 + 210?
1331
In base 8, what is 1546 + 3?
1551
In base 2, what is -101101010 + -11?
-101101101
In base 16, what is -b0 + 0?
-b0
In base 7, what is -42 - -4?
-35
In base 11, what is 8 + -1406?
-13a9
In base 8,